{"id":1991,"date":"2023-04-17T20:01:37","date_gmt":"2023-04-17T18:01:37","guid":{"rendered":"https:\/\/galerieshower.de\/?post_type=exhibition&#038;p=1991"},"modified":"2023-07-28T13:05:44","modified_gmt":"2023-07-28T11:05:44","slug":"neue-ausstellung","status":"publish","type":"exhibition","link":"https:\/\/galerieshower.de\/en\/exhibition\/neue-ausstellung\/","title":{"rendered":"Scribo Oculus Mentis"},"content":{"rendered":"\n<h5 class=\"wp-block-heading\">Miron Schm\u00fcckle, Matthias Geisler, Stefan Schwarzer, Kuration: Federico Brauer<\/h5>\n\n\n\n<p><br>Mit einem Fokus auf Zeichnung und Malerei auf Papier befassen <a href=\"https:\/\/schwarzerstefan.de\" target=\"_blank\" rel=\"noopener\">Stefan Schwarzer<\/a>, <a href=\"https:\/\/matgeisler.com\" target=\"_blank\" rel=\"noopener\">Matthias Geisler<\/a> und <a href=\"https:\/\/miron-schmueckle.de\" target=\"_blank\" rel=\"noopener\">Miron Schm\u00fcckle<\/a> sich mit der Natur, um die Landschaften, mit denen sie sich umgeben, nach ihrem eigenen Ausdruck zu rekonstruieren.<br>Jeder von ihnen benutzt die Stifte wie Pinsel, die Fl\u00e4chen sind mit feinen, farbigen Linien durchzogen, in denen man die tellurische und mineralische Textur der Pigmente sp\u00fcrt. Die lebendigen und ges\u00e4ttigten Farbt\u00f6ne, die unbest\u00e4ndig gewundenen Linien bilden eine Konstruktion, in der jedes nat\u00fcrliche Element spontan mit dem anderen verwoben ist.<br><br>Es sind Zeichnungen, welche eine Vertrautheit und zugleich Andersartigkeit der Natur wiedergibt. Miron Schm\u00fcckle malt mit Aquarell und Farbstiften fantastische, extraterrestisch wirkende Blumen, welche von den nat\u00fcrlich vorkommenden Arten inspiriert sind.<br>Stefan Schwarzer und Matthias Geisler haben ein besonderes Auge f\u00fcr die Einzigartigkeit dieser scheinbar gew\u00f6hnlichen Orte und heben die Individualit\u00e4t entweder durch ungew\u00f6hnliche Komposition oder ausge-\u00a0fallener Farben hervor. Sie verwenden auffallende Farbschemata und dynamische Muster, sowie Texturen, um halluzinatorische Bilder zu schaffen. Auch hier ist die Figuration pr\u00e4zise, wenn auch nicht farbgenau.<\/p>\n\n\n\n<p>Text und Kuration: <a href=\"https:\/\/www.instagram.com\/federicobrauer\/?hl=de\" target=\"_blank\" rel=\"noopener\">Federico Brauer<\/a><\/p>\n","protected":false},"excerpt":{"rendered":"<p>Miron Schm\u00fcckle, Matthias Geisler, Stefan Schwarzer, Kuration: Federico Brauer Mit einem Fokus auf Zeichnung und Malerei auf Papier befassen Stefan Schwarzer, Matthias Geisler und Miron Schm\u00fcckle sich mit der Natur, um die Landschaften, mit denen sie sich umgeben, nach ihrem eigenen Ausdruck zu rekonstruieren.Jeder von ihnen benutzt die Stifte wie Pinsel, die Fl\u00e4chen sind mit [&hellip;]<\/p>\n","protected":false},"featured_media":2393,"menu_order":0,"template":"","format":"standard","categories":[14],"class_list":["post-1991","exhibition","type-exhibition","status-publish","format-standard","has-post-thumbnail","hentry","category-past"],"exhibition_dates":"06.05.\u2013 03.06.2023","gallery":[{"ID":"2386","post_author":"9","post_date":"2023-06-05 16:59:07","post_date_gmt":"2023-06-05 14:59:07","post_content":"","post_title":"20230506_DSC0680_1","post_excerpt":"","post_status":"inherit","comment_status":"","ping_status":"closed","post_password":"","post_name":"20230506_dsc0680_1","to_ping":"","pinged":"","post_modified":"2023-06-05 16:59:07","post_modified_gmt":"2023-06-05 14:59:07","post_content_filtered":"","post_parent":"1991","guid":"https:\/\/galerieshower.de\/wp-content\/uploads\/2023\/04\/20230506_DSC0680_1.jpg","menu_order":"0","post_type":"attachment","post_mime_type":"image\/jpeg","comment_count":"0","pod_item_id":"2386"},{"ID":"2402","post_author":"9","post_date":"2023-06-05 17:08:25","post_date_gmt":"2023-06-05 15:08:25","post_content":"","post_title":"20230506_DSC0689_1","post_excerpt":"","post_status":"inherit","comment_status":"","ping_status":"closed","post_password":"","post_name":"20230506_dsc0689_1-2","to_ping":"","pinged":"","post_modified":"2023-06-05 17:08:25","post_modified_gmt":"2023-06-05 15:08:25","post_content_filtered":"","post_parent":"1991","guid":"https:\/\/galerieshower.de\/wp-content\/uploads\/2023\/04\/20230506_DSC0689_1-1.jpg","menu_order":"0","post_type":"attachment","post_mime_type":"image\/jpeg","comment_count":"0","pod_item_id":"2402"}],"place_of_exhibition":"shower","artist":"Matthias Geisler, Miron Schm\u00fcckle, Stefan Schwarzer","hide_featured_image":"0","_links":{"self":[{"href":"https:\/\/galerieshower.de\/en\/wp-json\/wp\/v2\/exhibition\/1991","targetHints":{"allow":["GET"]}}],"collection":[{"href":"https:\/\/galerieshower.de\/en\/wp-json\/wp\/v2\/exhibition"}],"about":[{"href":"https:\/\/galerieshower.de\/en\/wp-json\/wp\/v2\/types\/exhibition"}],"version-history":[{"count":17,"href":"https:\/\/galerieshower.de\/en\/wp-json\/wp\/v2\/exhibition\/1991\/revisions"}],"predecessor-version":[{"id":2969,"href":"https:\/\/galerieshower.de\/en\/wp-json\/wp\/v2\/exhibition\/1991\/revisions\/2969"}],"wp:featuredmedia":[{"embeddable":true,"href":"https:\/\/galerieshower.de\/en\/wp-json\/wp\/v2\/media\/2393"}],"wp:attachment":[{"href":"https:\/\/galerieshower.de\/en\/wp-json\/wp\/v2\/media?parent=1991"}],"wp:term":[{"taxonomy":"category","embeddable":true,"href":"https:\/\/galerieshower.de\/en\/wp-json\/wp\/v2\/categories?post=1991"}],"curies":[{"name":"wp","href":"https:\/\/api.w.org\/{rel}","templated":true}]}}

<h5 class="wp-block-heading">Miron Schmückle, Matthias Geisler, Stefan Schwarzer, Kuration: Federico Brauer</h5>



<p><br>Mit einem Fokus auf Zeichnung und Malerei auf Papier befassen <a href="https://schwarzerstefan.de" target="_blank" rel="noopener">Stefan Schwarzer</a>, <a href="https://matgeisler.com" target="_blank" rel="noopener">Matthias Geisler</a> und <a href="https://miron-schmueckle.de" target="_blank" rel="noopener">Miron Schmückle</a> sich mit der Natur, um die Landschaften, mit denen sie sich umgeben, nach ihrem eigenen Ausdruck zu rekonstruieren.<br>Jeder von ihnen benutzt die Stifte wie Pinsel, die Flächen sind mit feinen, farbigen Linien durchzogen, in denen man die tellurische und mineralische Textur der Pigmente spürt. Die lebendigen und gesättigten Farbtöne, die unbeständig gewundenen Linien bilden eine Konstruktion, in der jedes natürliche Element spontan mit dem anderen verwoben ist.<br><br>Es sind Zeichnungen, welche eine Vertrautheit und zugleich Andersartigkeit der Natur wiedergibt. Miron Schmückle malt mit Aquarell und Farbstiften fantastische, extraterrestisch wirkende Blumen, welche von den natürlich vorkommenden Arten inspiriert sind.<br>Stefan Schwarzer und Matthias Geisler haben ein besonderes Auge für die Einzigartigkeit dieser scheinbar gewöhnlichen Orte und heben die Individualität entweder durch ungewöhnliche Komposition oder ausge- fallener Farben hervor. Sie verwenden auffallende Farbschemata und dynamische Muster, sowie Texturen, um halluzinatorische Bilder zu schaffen. Auch hier ist die Figuration präzise, wenn auch nicht farbgenau.</p>



<p>Text und Kuration: <a href="https://www.instagram.com/federicobrauer/?hl=de" target="_blank" rel="noopener">Federico Brauer</a></p>

<p>Miron Schmückle, Matthias Geisler, Stefan Schwarzer, Kuration: Federico Brauer Mit einem Fokus auf Zeichnung und Malerei auf Papier befassen Stefan Schwarzer, Matthias Geisler und Miron Schmückle sich mit der Natur, um die Landschaften, mit denen sie sich umgeben, nach ihrem eigenen Ausdruck zu rekonstruieren.Jeder von ihnen benutzt die Stifte wie Pinsel, die Flächen sind mit [&hellip;]</p>

Matthias Geisler, Miron Schmückle, Stefan Schwarzer
